{"id":527,"date":"2015-04-25T13:27:13","date_gmt":"2015-04-25T13:27:13","guid":{"rendered":"http:\/\/wp.webpbx.es\/?page_id=527"},"modified":"2020-04-13T00:37:25","modified_gmt":"2020-04-12T22:37:25","slug":"nosotros","status":"publish","type":"page","link":"https:\/\/webpbx.es\/?page_id=527","title":{"rendered":"NOSOTROS"},"content":{"rendered":"<div class=\"row\">\n<div class=\"span12\">\n<div class=\"well clearfix\">\n<h4 style=\"text-align: center;\">PREPARAMOS TU IP-PBX DE FORMA VIRTUAL (CLOUD) O LOCAL (APPLIANCE)<\/h4>\n<\/div>\n<div class=\"alert alert-success\"><p>\n<h4 style=\"text-align: center;\"><strong>UN POCO DE\u00a0INFORMACI\u00d3N\u00a0PREVIA<\/strong><\/h4>\n<\/p><\/div>\n<div id=\"accordion_one\" class=\"accordion\">\n<div class=\"accordion-group\"><div class=\"accordion-heading\"><a class=\"accordion-toggle \" data-toggle=\"collapse\" data-parent=\"#accordion_one\" href=\"#829939984\"><strong>Diferencias entre una PBX tradicional y una IP-PBX<\/strong><\/a><\/div><!-- accordion-heading end -->\r\n\t\t\t<div id=\"829939984\" class=\"accordion-body collapse \"><div class=\"accordion-inner\">\n<p style=\"text-align: justify;\">Lo primero es definir que es una PBX:\u00a0son las siglas en ingl\u00e9s de \u201c<strong>P<\/strong>rivate <strong>B<\/strong>ranch <strong>E<\/strong>xchange\u201d, la cual es una red de telefon\u00eda privada que es utilizada dentro de una empresa o vivienda. Los usuarios de la PBX\u00a0comparten un n\u00famero definido de l\u00edneas telef\u00f3nicas para poder realizar llamadas externas. Esta definici\u00f3n es valida para los dos tipos de PBX (IP y tradicional).<\/p>\n<p style=\"text-align: justify;\"><strong>PBX tradicional<\/strong><\/p>\n<p style=\"text-align: justify;\">En la PBX tradicional necesitas una red de cable dedicado para las extensiones de tel\u00e9fono que van hacia la centralita. Si el n\u00famero de extensiones es peque\u00f1o esta red no es muy complicada, pero cuando el n\u00famero de extensiones\u00a0es elevado el cableado hacia la PBX se complica.<\/p>\n<p style=\"text-align: justify;\">Las PBX tradicionales tiene un n\u00famero limitado de lineas y extensiones. Esto hace que tengamos que cambiar la PBX si nuestra empresa aumenta y tenemos que ampliar los puestos de telefon\u00eda, tambi\u00e9n hay que aumentar la red telef\u00f3nica dedicada.<\/p>\n<p style=\"text-align: justify;\">Las prestaciones de una PBX tradicional tambi\u00e9n son limitadas. DISA, Operadora autom\u00e1tica, LCR, tarificaci\u00f3n de llamadas..etc, son funciones limitadas o que directamente no tienen y que para poder conseguir hay que comprar e instalar externamente a la centralita.<\/p>\n<p style=\"text-align: justify;\"><strong>Las IP-PBX cambian las reglas.<\/strong><\/p>\n<p style=\"text-align: justify;\">Las IP-PBX no necesitan un cableado telef\u00f3nico dedicado, comparten la red LAN (Ethernet o WIFI) con otros dispositivos,\u00a0incluso pueden funcionar mediante tecnolog\u00eda DECT.<\/p>\n<p style=\"text-align: justify;\">Las IP-PBX no tiene limitado el n\u00famero de lineas ni el de extensiones y pueden convivir las lineas tradicionales (Analogica o RDSI) junto a lineas IP.<\/p>\n<p style=\"text-align: justify;\">Las prestaciones de la IP-PBX no est\u00e1n limitadas, podemos tener el numero de operadores autom\u00e1ticas que queramos, configurar los LCR a nuestra medida, la tarificaci\u00f3n de llamadas que deseemos, password en extensiones, limitaci\u00f3n en las llamadas de las extensiones. Pr\u00e1cticamente casi todo lo que tengamos en mente se puede hacer con una IP-PBX.<\/p>\n<p style=\"text-align: justify;\">Lo \u00fanico que tiene limitado una IP-PBX es el numero de llamadas concurrentes que depende del servidor donde este instalado, pero esto se puede cambiar f\u00e1cilmente.<\/p>\n<p style=\"text-align: justify;\">En las IP-PBX podemos encontrar dos grupos: <strong>IP-PBX Virtual (Cloud PBX)<\/strong> y <strong>IP-PBX local (Appliance)<\/strong><\/p>\n<\/div><\/div><\/div>\n<div class=\"accordion-group\"><div class=\"accordion-heading\"><a class=\"accordion-toggle \" data-toggle=\"collapse\" data-parent=\"#accordion_one\" href=\"#189330136\"><strong>IP-PBX Virtual (Cloud PBX)<\/strong><\/a><\/div><!-- accordion-heading end -->\r\n\t\t\t<div id=\"189330136\" class=\"accordion-body collapse \"><div class=\"accordion-inner\">\n<p style=\"text-align: justify;\">Antiguamente una PBX Virtual no era es mas que un servicio simulado de Centralita. \u00datil para empresas temporales o que se trasladan constantemente.\u00a0La compa\u00f1\u00eda que ofrecia el servicio configura (mediante software) la central telef\u00f3nica de la zona de tal forma que las l\u00edneas que lleguen a la direcci\u00f3n que contrata el servicio aparenten funcionar como un PBX con casi todas las mismas caracter\u00edsticas. Cabe indicar que cada extensi\u00f3n es un par (de cables) por separado entre la direcci\u00f3n donde est\u00e1 instalado el servicio y la central regional de la compa\u00f1\u00eda telef\u00f3nica, no llegando a ser del todo eficiente si la central est\u00e1 muy lejos o si son muchas extensiones, por ejemplo, m\u00e1s de diez.\u00a0<strong>Este servicio tambi\u00e9n recib\u00eda el nombre CENTREX<\/strong><\/p>\n<p style=\"text-align: justify;\">Hoy en d\u00eda la tecnolog\u00eda a cambiado y la PBX Virtual corresponde a una soluci\u00f3n PBX instalada en un servidor en la nube o tambi\u00e9n llamada IP-PBX o Cloud PBX, esta soluci\u00f3n evita a los clientes realizar inversiones en equipos que r\u00e1pidamente quedan obsoletos y requieren de actualizaciones de software y licencias, adem\u00e1s de destinar recursos a su mantenimiento. Las PBX Virtuales permiten ofrecer los mismos servicios de una PBX\u00a0f\u00edsica sobre terminales de VoIP, lo que simplifica enormemente el despliegue de la red y permite la movilidad de los terminales con todos los atributos del servicio dentro de la red LAN\u00a0de la empresa, tambi\u00e9n es posible definir extensiones que sean utilizadas con equipos m\u00f3viles o aplicaciones de VoiP corriendo en un smartphone, logrando la movilidad universal.<\/p>\n<p style=\"text-align: justify;\">Estas caracter\u00edsticas les aportan ventajas a nivel funcional y tambi\u00e9n a nivel de costes, tanto de inversi\u00f3n, como de mantenimiento.<\/p>\n<p style=\"text-align: justify;\">Una desventaja de las PBX virtuales es su dependencia del enlaces de datos hacia el proveedor del servicio, no obstante por medio de un <a class=\"mw-redirect\" title=\"VSB\" href=\"http:\/\/es.wikipedia.org\/wiki\/VSB\">SBC<\/a> (Sesion Border Controler) se permite la conmutaci\u00f3n local cuando el enlace de datos se pierde, manteniendo las comunicaciones entre Tel\u00e9fonos.<\/p>\n<\/div><\/div><\/div>\n<div class=\"accordion-group\"><div class=\"accordion-heading\"><a class=\"accordion-toggle \" data-toggle=\"collapse\" data-parent=\"#accordion_one\" href=\"#73620260\"><strong>PBX local (Appliance)<\/strong><\/a><\/div><!-- accordion-heading end -->\r\n\t\t\t<div id=\"73620260\" class=\"accordion-body collapse \"><div class=\"accordion-inner\">\n<p style=\"text-align: justify;\">Una <strong>IP-PBX\u00a0F\u00edsica<\/strong>\u00a0o una <strong>IP-PBX (Appliance)<\/strong> es exactamente la misma centralita que la IP-PBX Virtual, la \u00fanica diferencia es que en vez de estar alojada en un servidor en la nube la tenemos f\u00edsicamente en nuestra oficina, vivienda, fabrica etc.<\/p>\n<p style=\"text-align: justify;\">Esto tiene sus ventajas y sus inconvenientes:<\/p>\n<p style=\"text-align: justify;\">Como ventaja es que podremos trabajar con nuestras lineas de toda la vida, anal\u00f3gicas o RDSI sin tener que migrar el servicio a IP, no hace falta tener un ancho de banda muy grande para trabajar con ellas y si se cae el servicio de internet la centralita seguir\u00e1 funcionando al 100%, de pendiendo si tenemos extensiones virtuales.<\/p>\n<p style=\"text-align: justify;\">Como inconveniente es que estas son mas caras de mantener al tener hardware dedicado para su funcionamiento y necesitan una infraestructura m\u00ednima para poder funcionar.<\/p>\n<\/div><\/div><\/div>\n<div class=\"accordion-group\"><div class=\"accordion-heading\"><a class=\"accordion-toggle \" data-toggle=\"collapse\" data-parent=\"#accordion_one\" href=\"#16161304\"><strong>\u00bfPor que elegir Web Pbx?<\/strong><\/a><\/div><!-- accordion-heading end -->\r\n\t\t\t<div id=\"16161304\" class=\"accordion-body collapse \"><div class=\"accordion-inner\">\n<p>En Web Pbx tienes plena libertad de elecci\u00f3n.<\/p>\n<p>Operadores (Voip o telefon\u00eda tradicional), eliges el que quieras.<\/p>\n<p>Tel\u00e9fonos, eliges los que mas te gusten Voip o Anal\u00f3gicos.<\/p>\n<p>IP-PBX Virtual \u00f3 IP-PBX Local, la elecci\u00f3n depender\u00e1 de las necesidades del cliente y del entorno de instalaci\u00f3n, sobre todo del ancho de banda disponible.<\/p>\n<p>En Web Pbx te orientamos de cuales son tus opciones mas adecuadas pero solo tu eres el que finalmente decides.<\/p>\n<p>Una vez terminada la programaci\u00f3n de la PBX se entregara un dossier con las especificaciones y contrase\u00f1as empleados en cada parte del proyecto.<\/p>\n<p>Puedes elegir dos opciones para gestionar la PBX: Por usted mismos (si tiene los conocimientos t\u00e9cnicos necesarios) o dej\u00e1ndolo en nuestras manos.<\/p>\n<\/div><\/div><\/div>\n<\/div>\n<\/div>\n<\/div>\n<div class=\"row\"><div class=\"span12\">\n<div class=\"alert alert-success\"><p>\n<h4 style=\"text-align: center;\"><strong>CARACTER\u00cdSTICAS DE\u00a0NUESTRAS IP-PBX<\/strong><\/h4>\n<\/p><\/div>\n<\/div><\/div>\n<div class=\"row\"><div class=\"span6\">\n<div class=\"alert alert-info\"><p>\n<h4><strong>IP-PBX Virtual:<\/strong><\/h4>\n<\/p><\/div>\n<div id=\"acc_one\" class=\"accordion\">\n<div class=\"accordion-group\"><div class=\"accordion-heading\"><a class=\"accordion-toggle \" data-toggle=\"collapse\" data-parent=\"#acc_one\" href=\"#32084640\">En que consiste nuestra <strong>IP-PBX Virtual<\/strong><\/a><\/div><!-- accordion-heading end -->\r\n\t\t\t<div id=\"32084640\" class=\"accordion-body collapse \"><div class=\"accordion-inner\">\n<p style=\"text-align: justify;\">En WebPbx no desarrollamos IP-PBX propias, si no que programamos y preparamos IP-PBX de marcas conocidas. Estas son los clouds donde preparamos las IP-PBX Virtuales:<\/p>\n<ul>\n<li>3CX &#8211; Google<\/li>\n<li>3CX &#8211; Amazon<\/li>\n<li>3CX &#8211; OVH<\/li>\n<li>3CX &#8211; VMWare<\/li>\n<\/ul>\n<\/div><\/div><\/div>\n<div class=\"accordion-group\"><div class=\"accordion-heading\"><a class=\"accordion-toggle \" data-toggle=\"collapse\" data-parent=\"#acc_one\" href=\"#73553793\">Caracter\u00edstica de la <strong>IP-PBX Virtual<\/strong><\/a><\/div><!-- accordion-heading end -->\r\n\t\t\t<div id=\"73553793\" class=\"accordion-body collapse \"><div class=\"accordion-inner\">\n<ul>\n<li>Alta seguridad<\/li>\n<li>Acceso a la IP-PBX 24\/7<\/li>\n<li>Panel de acceso f\u00e1cil de usar<\/li>\n<li>App para\u00a0Smartphone<\/li>\n<li>Backup diarios.<\/li>\n<li>IP dedicada.<\/li>\n<li>Instalados en el cloud que guste.<\/li>\n<li>IVR\u00b4s escalables.<\/li>\n<li>Gran cantidad de extensiones.<\/li>\n<li>Gran cantidad de l\u00edneas.<\/li>\n<\/ul>\n<\/div><\/div><\/div>\n<\/div>\n<\/div>\n<div class=\"span6\">\n<div class=\"alert alert-info\"><p>\n<h4><strong>IP-PBX Local:<\/strong><\/h4>\n<\/p><\/div>\n<div id=\"acc_one\" class=\"accordion\">\n<div class=\"accordion-group\"><div class=\"accordion-heading\"><a class=\"accordion-toggle \" data-toggle=\"collapse\" data-parent=\"#acc_one\" href=\"#538729800\">En que consiste nuestras <strong>IP-PBX Local<\/strong><\/a><\/div><!-- accordion-heading end -->\r\n\t\t\t<div id=\"538729800\" class=\"accordion-body collapse \"><div class=\"accordion-inner\">\n<p>En WebPbx no desarrollamos IP-PBX propias, si no que programamos y preparamos IP-PBX de marcas conocidas. En WebPbx preparamos IP-PBX locales de las siguientes marcas<\/p>\n<ul>\n<li>3CX (RaspberryPI)<\/li>\n<li>3CX (Intel Z83)<\/li>\n<li>3CX (Beronet apliance)<\/li>\n<li>3CX (Intel NUC)<\/li>\n<\/ul>\n<\/div><\/div><\/div>\n<div class=\"accordion-group\"><div class=\"accordion-heading\"><a class=\"accordion-toggle \" data-toggle=\"collapse\" data-parent=\"#acc_one\" href=\"#275160\">Caracter\u00edstica de la <strong>IP-PBX Local<\/strong><\/a><\/div><!-- accordion-heading end -->\r\n\t\t\t<div id=\"275160\" class=\"accordion-body collapse \"><div class=\"accordion-inner\">\n<ul>\n<li>Alta seguridad<\/li>\n<li>Acceso a la IP-PBX 24\/7<\/li>\n<li>Panel de acceso f\u00e1cil de usar<\/li>\n<li>App para\u00a0Smartphone<\/li>\n<li>Backup diarios.<\/li>\n<li>IP dedicada.<\/li>\n<li>Instalados Appliance o Servidor<\/li>\n<li>IVR\u00b4s escalables.<\/li>\n<li>Gran cantidad de extensiones.<\/li>\n<li>Gran cantidad de l\u00edneas.<\/li>\n<\/ul>\n<\/div><\/div><\/div>\n<\/div>\n<\/div><\/div>\n<div class=\"blue-section\"><div class=\"container\">\n<div class=\"row\">\n<div class=\"span12\">\n<div>\n<h1 style=\"text-align: center;\">\u00bfQue opinan\u00a0nuestros clientes?<\/h1>\n<p style=\"text-align: center;\">Estas son algunas de las opiniones de nuestros clientes, son testimonios reales de clientes reales.<\/p>\n<\/div>\n<\/div>\n<\/div>\n<div class=\"row\">\n<div class=\"span6\">\n<ul class=\"testimonials\"><li class=\"testimonial\">\n<p style=\"text-align: justify;\">El Servicio es muy profesional. Al principio nos costo el cambio de nuestra antigua central anal\u00f3gica pero en un par de d\u00edas nos adaptamos perfectamente a la nueva.<\/p>\n<span>John Doe, Datetel 2000 SL.<\/span><\/li><\/ul>\n<\/div>\n<div class=\"span6\">\n<ul class=\"testimonials\"><li class=\"testimonial\">\n<p style=\"text-align: justify;\">The quality and reliability of your IP-PBX services is outstanding. We wouldn\u2019t dare to move our webpbx to anywhere else.<\/p>\n<span>Clare Sue, GlobIP.<\/span><\/li><\/ul>\n<\/div>\n<\/div>\n<\/div><\/div>\n<p>&nbsp;<\/p>\n<div class=\"row\"><div class=\"span12\">\n<div class=\"accordion-group\"><div class=\"accordion-heading\"><a class=\"accordion-toggle \" data-toggle=\"collapse\" data-parent=\"#accordion_one\" href=\"#110205522\"><strong>Copyright y derechos de marca<\/strong><\/a><\/div><!-- accordion-heading end -->\r\n\t\t\t<div id=\"110205522\" class=\"accordion-body collapse \"><div class=\"accordion-inner\">\n<ul>\n<li style=\"text-align: justify;\">Todas las marcas comerciales y marcas registradas son propiedad de sus respectivos propietarios.<\/li>\n<li style=\"text-align: justify;\">3CX y el logo son marcas registrada por 3CX Ltd.Copyright 2006 &#8211; 2015, 3CX Ltd. Todos los derechos reservados.<\/li>\n<li style=\"text-align: justify;\">RasberryPI y el logo son marca registrada por Raspberry PI Foundation UK REGISTERED CHARITY\u00a01129409. Todos los derechos reservados.<\/li>\n<li style=\"text-align: justify;\">Intel y el logo son marca registrada por Intel Corporation Trademarks &amp; Brands 2200 Mission College Blvd., RNB-4-151 Santa Clara, CA 95054 USA. Todos los derechos reservados.<\/li>\n<li style=\"text-align: justify;\">Beronet y el logo son marca registrada por beroNet GmbH Copyright \u00a9 2015 beroNet GmbH,\u00a0Todos los derechos reservados.<\/li>\n<li style=\"text-align: justify;\">Grandstream y el logo son marca registrada por\u00a0Grandstream Networks, Inc.\u00a0Copyright\u00a0\u00a9 2015 Grandstream Networks, Inc.\u00a0Todos los derechos reservados.<\/li>\n<li style=\"text-align: justify;\">Patton y el logo son marca registrada por\u00a0Patton Electronics Co.\u00a0Copyright \u00a9 2001\u20132015 Patton Electronics Co., Todos los derechos reservados.<\/li>\n<\/ul>\n<\/div><\/div><\/div>\n<\/div><\/div>\n","protected":false},"excerpt":{"rendered":"<p>&nbsp;<\/p>\n","protected":false},"author":1,"featured_media":0,"parent":0,"menu_order":0,"comment_status":"open","ping_status":"open","template":"","meta":{"footnotes":""},"_links":{"self":[{"href":"https:\/\/webpbx.es\/index.php?rest_route=\/wp\/v2\/pages\/527"}],"collection":[{"href":"https:\/\/webpbx.es\/index.php?rest_route=\/wp\/v2\/pages"}],"about":[{"href":"https:\/\/webpbx.es\/index.php?rest_route=\/wp\/v2\/types\/page"}],"author":[{"embeddable":true,"href":"https:\/\/webpbx.es\/index.php?rest_route=\/wp\/v2\/users\/1"}],"replies":[{"embeddable":true,"href":"https:\/\/webpbx.es\/index.php?rest_route=%2Fwp%2Fv2%2Fcomments&post=527"}],"version-history":[{"count":75,"href":"https:\/\/webpbx.es\/index.php?rest_route=\/wp\/v2\/pages\/527\/revisions"}],"predecessor-version":[{"id":1409,"href":"https:\/\/webpbx.es\/index.php?rest_route=\/wp\/v2\/pages\/527\/revisions\/1409"}],"wp:attachment":[{"href":"https:\/\/webpbx.es\/index.php?rest_route=%2Fwp%2Fv2%2Fmedia&parent=527"}],"curies":[{"name":"wp","href":"https:\/\/api.w.org\/{rel}","templated":true}]}}